05. Is z a prime number?
True
Is (-10668)/(-18)*6/4 a prime number?
False
Let n be -114*(60/(-8))/3. Let d = n - -232. Is d prime?
False
Let n(f) = 0*f + 15 - f + 0*f + f**2. Let d(b) = b**3 - b. Let y be d(1). Is n(y) a prime number?
False
Let l(x) = 56*x**2 - x. Let p(r) = -r**3 + 3*r**2 - 2*r + 1. Let w be p(2). Is l(w) prime?
False
Is (14/3)/((-4)/(-2694)) a composite number?
True
Let q be (5/10)/(1/4). Is q/6 + 92/3 composite?
False
Suppose 2*l + 0 + 4 = 0. Let n = l + 4. Suppose -3*o + 101 = 5*y, -o + 5*y = n*y - 43. Is o a composite number?
False
Suppose 4*m = -6*h + 3*h - 245, -4*h - 12 = 0. Let u = 56 - m. Is u a prime number?
False
Let a be 5/20 + 21/12. Suppose 2*s = -2*s + 280. Suppose -94 - s = -2*t - a*b, 4*b + 267 = 3*t. Is t a composite number?
True
Let y(n) = n**3 + 5*n**2 - 8*n - 3. Let z = -1 - -1. Suppose z = -3*s + 3*f - 3, -3*s + f - 3*f = 28. Is y(s) a prime number?
False
Suppose 5*b = 2*g + 2, -2*g - 2*g = 5*b - 26. Suppose -f + 3 = -b. Suppose 4*q - m - 55 = -18, f*q + 5*m = 65. Is q a composite number?
True
Suppose 2*j - 94 = -4*w, 0 = 2*j - 0*w - 4*w - 86. Suppose 220 - j = c. Suppose -7*x = -2*x - c. Is x a composite number?
True
Let f = 4501 + -2904. Is f prime?
True
Suppose 0 = 3*n - 2*t - 21, -4*n - 6 = -5*t - 41. Let q(w) = 51*w - 6. Let o be q(5). Suppose 4*z = -n*j + 2*z + o, -z - 47 = -j. Is j a prime number?
False
Suppose 0 = -u + 464 + 237. Is u a prime number?
True
Let b be (-8)/6*60/(-8). Let x(o) = 61*o + 2. Let n be x(b). Suppose -2*v = -3*l - 249, -5*v - l - 2*l = -n. Is v a composite number?
True
Suppose 3*u - 3*x = 5*u + 1777, 0 = 4*x - 4. Let b = 1317 + u. Is b a prime number?
False
Let y = -20 - -13. Is (14/y)/(2/(-43)) prime?
True
Suppose 0 = 4*k + l - 431, 4*l = 3*k - 262 - 85. Is k prime?
True
Suppose 0 = 3*b - 2*g + 318, -4*b - g = -3*g + 426. Let s = 227 + b. Is s prime?
False
Suppose -63 + 479 = -4*o. Let w = o - -183. Is w composite?
False
Suppose 229 = 2*p - 5*f, 4*p + 5*f - 152 = 3*p. Is p prime?
True
Suppose 8*r - 1405 = 763. Is r a prime number?
True
Let w be ((-7)/(-28))/((-2)/(-8)). Is 3*(-488)/(-12)*w a composite number?
True
Suppose 8 = -6*t + 7*t. Suppose 3*q - 9 = -c, -t = -2*q + 2*c - 2. Is q prime?
True
Let m(x) = -2 + 1 - 3*x - 5*x**2 + x**3 - 9. Is m(7) prime?
True
Let i be (2 - (-381)/6)*2. Suppose -4*l + 5 + i = 0. Is l a composite number?
True
Let m(t) = 87*t**2 + 2*t + 3. Let x(k) = -87*k**2 - 2*k - 4. Let g(n) = 3*m(n) + 2*x(n). Is g(-1) composite?
True
Is (-586)/(-1)*(-11)/(-22) composite?
False
Suppose 5*t - 88 = t. Suppose 2*r + q - t = r, -5*r - 3*q = -108. Is r a prime number?
False
Suppose -15 = -8*y + 3*y. Suppose y*a - 1325 = 4*m, 2*m = -7*a + 4*a + 1331. Is a composite?
False
Let a(l) = l**3 + 4*l**2 + 3. Let i be a(-4). Suppose z = 5*r - 412, i*r - 2*z - 250 = -7. Is r a prime number?
True
Suppose 49*u - 590 = 47*u. Is u prime?
False
Let j(i) be the third derivative of -i**7/420 - i**6/360 - i**5/120 - i**4/24 - i**3/6 + 2*i**2. Let v(f) be the first derivative of j(f). Is v(-3) composite?
False
Suppose 2*p + 2*p + 309 = b, -p - 949 = -3*b. Is b composite?
False
Let a = 3 - 3. Suppose -201 = -b - a*b. Let y = b - 70. Is y prime?
True
Let u(t) = -t. Let x be u(0). Suppose x - 3 = -h. Is 3 + h + (1 - 0) composite?
False
Let y(t) = -5*t + 2 - t + 3*t - 3 + 21*t**2. Let m = -5 - -3. Is y(m) a composite number?
False
Suppose -4*l - l + 20 = 0. Suppose -2*f + 15 = -5*x, -12 = -0*f - 4*f + l*x. Suppose -a + 4*a - 63 = f. Is a composite?
True
Let z(g) = -17*g - 3. Let d = -7 + 10. Let u be 1*(3 - 2 - d). Is z(u) a prime number?
True
Let w(m) = m**2 - 2*m + 1. Let k be w(3). Suppose -k*o + 37 = y, -2*y - y - 4*o + 111 = 0. Is y composite?
False
Suppose 0 = -2*s + 3*s + 2*k - 361, -4*k = -5*s + 1847. Is s a prime number?
True
Let j = 588 + -145. Is j a composite number?
False
Let v(x) = -8*x**2 + 13*x - 13. Let d(l) = -15*l**2 + 25*l - 25. Let p(y) = -6*d(y) + 11*v(y). Is p(-6) a composite number?
True
Suppose 3*g - 1 + 10 = 0, -1665 = -3*n - 2*g. Is n a prime number?
True
Suppose 0*o = -3*o + 3600. Suppose 3*i + 342 = -3*s + o, 3*i - s - 862 = 0. Is i prime?
False
Let d = -1508 + 2777. Let k = d + -724. Is k composite?
True
Let m be 8/(-20) - (-3077)/5. Is 2/((-609)/m + 1) prime?
False
Is 2108/3 + (-9)/(-27) composite?
True
Let x be 18/(2/2) + -2. Suppose -2*t = -4*l + 20, 0 = 5*l - t - x - 12. Is 135/7 + l/(-21) a composite number?
False
Suppose -d + 2*d = -5*n + 685, 685 = d + 2*n. Is d a composite number?
True
Suppose -2*g + 6*g = 5*l + 9, 5*l + g = -4. Let d(o) = -o + 2*o**3 - 2*o**2 - 38*o**3 + 0*o**2. Is d(l) composite?
True
Suppose 2829 = 2*p - 3*d - 469, 0 = 5*d. Is p a prime number?
False
Suppose 0 = 4*d + 1656 - 8024. Is 2*1*d/16 a prime number?
True
Is (-42)/4*(-712)/12 a prime number?
False
Suppose -12*j + 8*j = -2492. Is j a composite number?
True
Suppose 0 = -r + o + 1878, 5*r + o - 9420 = -0*r. Is r prime?
False
Let i = 14 + -10. Suppose -i*w + 4 = 84. Let b = w + 35. Is b a composite number?
True
Suppose -3*l = -128 - 46. Is l a composite number?
True
Let y(j) = j + 18. Let t be y(-8). Suppose -4*k = -o + k - 25, -4*o - 2*k + t = 0. Suppose 3*f + o*f = 57. Is f prime?
True
Let y(m) = -m**3 + 10*m**2 + 17*m - 8. Let t = -2 - -13. Let p be y(t). Suppose -2*w - p + 216 = 0. Is w a prime number?
True
Let x = -5 - -5. Suppose 2*o = 5*g - 7, -5*o - g - g + 55 = x. Suppose -2*k + 3*k - o = 0. Is k prime?
False
Suppose 9*j = 2*j + 8771. Is j prime?
False
Suppose 2*u = -4 - 4. Let g(z) = 9*z**2 - 6*z - 1. Is g(u) a prime number?
True
Let n(j) = j**3 - 8*j**2 + 10*j - 9. Is n(10) a composite number?
True
Suppose 4 = -4*j, 3*u = -3*j + 52 + 23. Let z = u - 15. Let y = z + 8. Is y composite?
False
Let h(k) = -k**2 + 10*k - 16. Let z be h(8). Let n(i) = i**3 - i**2 + 89. Is n(z) a prime number?
True
Let r = -119 + 47. Let b = r + 105. Suppose f = b + 4. Is f a prime number?
True
Suppose 3*r - 1336 = -2*h + 3*h, -r - 5*h + 456 = 0. Is r a composite number?
True
Let m be (16/24)/((-4)/(-66)). Suppose 0 = m*p - 8*p - 777. Is p prime?
False
Let c = 2 + 4. Let x be (2/3)/(c/9). Let q = 48 - x. Is q composite?
False
Suppose 0 = -4*m - 3*y - 263, -3*y - 2 = 1. Let n be (2 + -3)*m/1. Suppose -n - 110 = -5*v. Is v a composite number?
True
Let h = 12 + -7. Suppose 1 = -3*v - i - 0, -4*v - 4 = 4*i. Suppose 35 = -v*w + h*w. Is w a composite number?
False
Let y = -37 + 119. Is y a composite number?
True
Suppose -2*y + p = -6, 4 = 3*y + 5*p - 5. Suppose -m = -3*m - 4*k + 574, -y*m + 2*k = -885. Is m a prime number?
True
Let h(m) be the third derivative of -m**6/120 - m**5/20 + m**4/4 - m**3 + m**2. Suppose 2*t = 2*l - 2, -5*l + 0*l - 30 = 2*t. Is h(t) prime?
False
Let i = 5 + -1. Suppose 2*z - 16 = -c - 0*z, 0 = -i*c - 5*z + 55. Suppose -655 = 5*y - c*y. Is y a composite number?
False
Let l(m) = 3*m - 3. Let i be l(2). Is (37/i)/(2/6) prime?
True
Let f(u) = -u**3 + 2*u**2 + 2*u + 3. Let a be f(3). Suppose a = -4*k - k + 5, -x + k = -262. Is x a prime number?
True
Let y = -121 + 180. Is y a composite number?
False
Let m(z) = -16*z - 5. Suppose -12 = 5*w + 8. Is m(w) a prime number?
True
Suppose 3*k - 6*s + s - 128 = 0, -2*k - 2*s + 64 = 0. Suppose -k = -j + 85. Is j a composite number?
True
Let m be (4/(-3))/((-2)/186). Suppose 4*j - m = -0*j. Is j a composite number?
False
Let t(c) = -c**3 - 7*c**2 - 6*c + 1. Let h be t(-6). Let n be h + -2 - -164*1. Let r = n + 0. Is r composite?
False
Let m(i) = -i**2 + i - 3. Let p be m(0). Let o be (40/(-50))/((-2)/(-60)). Let q = p - o. Is q a composite number?
True
Let w = -5 - -52. Is w a composite number?
False
Let c be (530/4)/((-1)/4). Is 1*2*c/(-4) a composite number?
True
Suppose -5*d + 39 = -0*j + j, 3*j = d - 11. Is d/(-10)*1090/(-4) a prime number?
False
Suppose 2*r - 1 = -7. Let g be r*8*-1 + -2. Let u = g + -12. Is u prime?
False
Let v = 1212 - 581. Is v a prime number?
True
Is -3*(-37)/3 + 0 a prime number?
True
Let t be 2/(-7) + (-233)/(-7). Let y = t - 109. Is (0 - -2)/2 - y a prime number?
False
Suppose -8*n + 3540 = -7844. Is n a composite number?
False
Suppose 5*o - 5*s = 1392 + 1748, 0 = -5*o - 2*s + 3161. Is o prime?
True
Let d = -262 - -669. Is d prime?
False
Is ((-142)/(-10))/(5/25) a prime number?
True
Let o(b) be th